{"id":1623,"date":"2023-09-06T13:40:27","date_gmt":"2023-09-06T13:40:27","guid":{"rendered":"https:\/\/corefm.be\/projecten-list\/immeuble-dappartements-a-blankenberge\/"},"modified":"2023-09-06T13:40:27","modified_gmt":"2023-09-06T13:40:27","slug":"immeuble-dappartements-a-blankenberge","status":"publish","type":"projecten-list","link":"https:\/\/corefm.be\/fr\/projecten-list\/immeuble-dappartements-a-blankenberge\/","title":{"rendered":"Immeuble d&rsquo;appartements \u00e0 Blankenberge"},"featured_media":0,"template":"","categories":[29],"class_list":["post-1623","projecten-list","type-projecten-list","status-publish","hentry","category-residentiel-fr"],"acf":[],"yoast_head":"<!-- This site is optimized with the Yoast SEO plugin v27.5 - https:\/\/yoast.com\/product\/yoast-seo-wordpress\/ -->\n<title>Immeuble d&#039;appartements \u00e0 Blankenberge - Core FM<\/title>\n<meta name=\"description\" content=\"Cet immeuble r\u00e9sidentiel compte 83 appartements, pour lesquels un plan directeur de r\u00e9novation a \u00e9t\u00e9 \u00e9labor\u00e9. Le contrat-cadre VEKA a \u00e9t\u00e9 d\u00e9sign\u00e9 pour mettre en place ce sch\u00e9ma directeur de r\u00e9novation.\" \/>\n<meta name=\"robots\" content=\"index, follow, max-snippet:-1, max-image-preview:large, max-video-preview:-1\" \/>\n<link rel=\"canonical\" href=\"https:\/\/corefm.be\/fr\/projecten-list\/immeuble-dappartements-a-blankenberge\/\" \/>\n<meta property=\"og:locale\" content=\"fr_FR\" \/>\n<meta property=\"og:type\" content=\"article\" \/>\n<meta property=\"og:title\" content=\"Immeuble d&#039;appartements \u00e0 Blankenberge - Core FM\" \/>\n<meta property=\"og:description\" content=\"Cet immeuble r\u00e9sidentiel compte 83 appartements, pour lesquels un plan directeur de r\u00e9novation a \u00e9t\u00e9 \u00e9labor\u00e9. Le contrat-cadre VEKA a \u00e9t\u00e9 d\u00e9sign\u00e9 pour mettre en place ce sch\u00e9ma directeur de r\u00e9novation.\" \/>\n<meta property=\"og:url\" content=\"https:\/\/corefm.be\/fr\/projecten-list\/immeuble-dappartements-a-blankenberge\/\" \/>\n<meta property=\"og:site_name\" content=\"Core FM\" \/>\n<meta name=\"twitter:card\" content=\"summary_large_image\" \/>\n<script type=\"application\/ld+json\" class=\"yoast-schema-graph\">{\"@context\":\"https:\\\/\\\/schema.org\",\"@graph\":[{\"@type\":\"WebPage\",\"@id\":\"https:\\\/\\\/corefm.be\\\/fr\\\/projecten-list\\\/immeuble-dappartements-a-blankenberge\\\/\",\"url\":\"https:\\\/\\\/corefm.be\\\/fr\\\/projecten-list\\\/immeuble-dappartements-a-blankenberge\\\/\",\"name\":\"Immeuble d'appartements \u00e0 Blankenberge - Core FM\",\"isPartOf\":{\"@id\":\"https:\\\/\\\/corefm.be\\\/fr\\\/#website\"},\"datePublished\":\"2023-09-06T13:40:27+00:00\",\"description\":\"Cet immeuble r\u00e9sidentiel compte 83 appartements, pour lesquels un plan directeur de r\u00e9novation a \u00e9t\u00e9 \u00e9labor\u00e9. Le contrat-cadre VEKA a \u00e9t\u00e9 d\u00e9sign\u00e9 pour mettre en place ce sch\u00e9ma directeur de r\u00e9novation.\",\"breadcrumb\":{\"@id\":\"https:\\\/\\\/corefm.be\\\/fr\\\/projecten-list\\\/immeuble-dappartements-a-blankenberge\\\/#breadcrumb\"},\"inLanguage\":\"fr-FR\",\"potentialAction\":[{\"@type\":\"ReadAction\",\"target\":[\"https:\\\/\\\/corefm.be\\\/fr\\\/projecten-list\\\/immeuble-dappartements-a-blankenberge\\\/\"]}]},{\"@type\":\"BreadcrumbList\",\"@id\":\"https:\\\/\\\/corefm.be\\\/fr\\\/projecten-list\\\/immeuble-dappartements-a-blankenberge\\\/#breadcrumb\",\"itemListElement\":[{\"@type\":\"ListItem\",\"position\":1,\"name\":\"Home\",\"item\":\"https:\\\/\\\/corefm.be\\\/fr\\\/domicile\\\/\"},{\"@type\":\"ListItem\",\"position\":2,\"name\":\"Immeuble d&#8217;appartements \u00e0 Blankenberge\"}]},{\"@type\":\"WebSite\",\"@id\":\"https:\\\/\\\/corefm.be\\\/fr\\\/#website\",\"url\":\"https:\\\/\\\/corefm.be\\\/fr\\\/\",\"name\":\"Core FM\",\"description\":\"Maak je gebouw energetisch future-proof\\\/ klaar voor de toekomst met Core FM\",\"publisher\":{\"@id\":\"https:\\\/\\\/corefm.be\\\/fr\\\/#organization\"},\"potentialAction\":[{\"@type\":\"SearchAction\",\"target\":{\"@type\":\"EntryPoint\",\"urlTemplate\":\"https:\\\/\\\/corefm.be\\\/fr\\\/?s={search_term_string}\"},\"query-input\":{\"@type\":\"PropertyValueSpecification\",\"valueRequired\":true,\"valueName\":\"search_term_string\"}}],\"inLanguage\":\"fr-FR\"},{\"@type\":\"Organization\",\"@id\":\"https:\\\/\\\/corefm.be\\\/fr\\\/#organization\",\"name\":\"Core FM\",\"url\":\"https:\\\/\\\/corefm.be\\\/fr\\\/\",\"logo\":{\"@type\":\"ImageObject\",\"inLanguage\":\"fr-FR\",\"@id\":\"https:\\\/\\\/corefm.be\\\/fr\\\/#\\\/schema\\\/logo\\\/image\\\/\",\"url\":\"https:\\\/\\\/corefm.be\\\/wp-content\\\/uploads\\\/2023\\\/08\\\/logo-corefm.png\",\"contentUrl\":\"https:\\\/\\\/corefm.be\\\/wp-content\\\/uploads\\\/2023\\\/08\\\/logo-corefm.png\",\"width\":1026,\"height\":278,\"caption\":\"Core FM\"},\"image\":{\"@id\":\"https:\\\/\\\/corefm.be\\\/fr\\\/#\\\/schema\\\/logo\\\/image\\\/\"}}]}<\/script>\n<!-- \/ Yoast SEO plugin. -->","yoast_head_json":{"title":"Immeuble d'appartements \u00e0 Blankenberge - Core FM","description":"Cet immeuble r\u00e9sidentiel compte 83 appartements, pour lesquels un plan directeur de r\u00e9novation a \u00e9t\u00e9 \u00e9labor\u00e9. Le contrat-cadre VEKA a \u00e9t\u00e9 d\u00e9sign\u00e9 pour mettre en place ce sch\u00e9ma directeur de r\u00e9novation.","robots":{"index":"index","follow":"follow","max-snippet":"max-snippet:-1","max-image-preview":"max-image-preview:large","max-video-preview":"max-video-preview:-1"},"canonical":"https:\/\/corefm.be\/fr\/projecten-list\/immeuble-dappartements-a-blankenberge\/","og_locale":"fr_FR","og_type":"article","og_title":"Immeuble d'appartements \u00e0 Blankenberge - Core FM","og_description":"Cet immeuble r\u00e9sidentiel compte 83 appartements, pour lesquels un plan directeur de r\u00e9novation a \u00e9t\u00e9 \u00e9labor\u00e9. Le contrat-cadre VEKA a \u00e9t\u00e9 d\u00e9sign\u00e9 pour mettre en place ce sch\u00e9ma directeur de r\u00e9novation.","og_url":"https:\/\/corefm.be\/fr\/projecten-list\/immeuble-dappartements-a-blankenberge\/","og_site_name":"Core FM","twitter_card":"summary_large_image","schema":{"@context":"https:\/\/schema.org","@graph":[{"@type":"WebPage","@id":"https:\/\/corefm.be\/fr\/projecten-list\/immeuble-dappartements-a-blankenberge\/","url":"https:\/\/corefm.be\/fr\/projecten-list\/immeuble-dappartements-a-blankenberge\/","name":"Immeuble d'appartements \u00e0 Blankenberge - Core FM","isPartOf":{"@id":"https:\/\/corefm.be\/fr\/#website"},"datePublished":"2023-09-06T13:40:27+00:00","description":"Cet immeuble r\u00e9sidentiel compte 83 appartements, pour lesquels un plan directeur de r\u00e9novation a \u00e9t\u00e9 \u00e9labor\u00e9. Le contrat-cadre VEKA a \u00e9t\u00e9 d\u00e9sign\u00e9 pour mettre en place ce sch\u00e9ma directeur de r\u00e9novation.","breadcrumb":{"@id":"https:\/\/corefm.be\/fr\/projecten-list\/immeuble-dappartements-a-blankenberge\/#breadcrumb"},"inLanguage":"fr-FR","potentialAction":[{"@type":"ReadAction","target":["https:\/\/corefm.be\/fr\/projecten-list\/immeuble-dappartements-a-blankenberge\/"]}]},{"@type":"BreadcrumbList","@id":"https:\/\/corefm.be\/fr\/projecten-list\/immeuble-dappartements-a-blankenberge\/#breadcrumb","itemListElement":[{"@type":"ListItem","position":1,"name":"Home","item":"https:\/\/corefm.be\/fr\/domicile\/"},{"@type":"ListItem","position":2,"name":"Immeuble d&#8217;appartements \u00e0 Blankenberge"}]},{"@type":"WebSite","@id":"https:\/\/corefm.be\/fr\/#website","url":"https:\/\/corefm.be\/fr\/","name":"Core FM","description":"Maak je gebouw energetisch future-proof\/ klaar voor de toekomst met Core FM","publisher":{"@id":"https:\/\/corefm.be\/fr\/#organization"},"potentialAction":[{"@type":"SearchAction","target":{"@type":"EntryPoint","urlTemplate":"https:\/\/corefm.be\/fr\/?s={search_term_string}"},"query-input":{"@type":"PropertyValueSpecification","valueRequired":true,"valueName":"search_term_string"}}],"inLanguage":"fr-FR"},{"@type":"Organization","@id":"https:\/\/corefm.be\/fr\/#organization","name":"Core FM","url":"https:\/\/corefm.be\/fr\/","logo":{"@type":"ImageObject","inLanguage":"fr-FR","@id":"https:\/\/corefm.be\/fr\/#\/schema\/logo\/image\/","url":"https:\/\/corefm.be\/wp-content\/uploads\/2023\/08\/logo-corefm.png","contentUrl":"https:\/\/corefm.be\/wp-content\/uploads\/2023\/08\/logo-corefm.png","width":1026,"height":278,"caption":"Core FM"},"image":{"@id":"https:\/\/corefm.be\/fr\/#\/schema\/logo\/image\/"}}]}},"_links":{"self":[{"href":"https:\/\/corefm.be\/fr\/wp-json\/wp\/v2\/projecten-list\/1623","targetHints":{"allow":["GET"]}}],"collection":[{"href":"https:\/\/corefm.be\/fr\/wp-json\/wp\/v2\/projecten-list"}],"about":[{"href":"https:\/\/corefm.be\/fr\/wp-json\/wp\/v2\/types\/projecten-list"}],"wp:attachment":[{"href":"https:\/\/corefm.be\/fr\/wp-json\/wp\/v2\/media?parent=1623"}],"wp:term":[{"taxonomy":"category","embeddable":true,"href":"https:\/\/corefm.be\/fr\/wp-json\/wp\/v2\/categories?post=1623"}],"curies":[{"name":"wp","href":"https:\/\/api.w.org\/{rel}","templated":true}]}}

Immeuble d&rsquo;appartements à Blankenberge

<!-- This site is optimized with the Yoast SEO plugin v27.5 - https://yoast.com/product/yoast-seo-wordpress/ -->
<title>Immeuble d&#039;appartements à Blankenberge - Core FM</title>
<meta name="description" content="Cet immeuble résidentiel compte 83 appartements, pour lesquels un plan directeur de rénovation a été élaboré. Le contrat-cadre VEKA a été désigné pour mettre en place ce schéma directeur de rénovation." />
<meta name="robots" content="index, follow, max-snippet:-1, max-image-preview:large, max-video-preview:-1" />
<link rel="canonical" href="https://corefm.be/fr/projecten-list/immeuble-dappartements-a-blankenberge/" />
<meta property="og:locale" content="fr_FR" />
<meta property="og:type" content="article" />
<meta property="og:title" content="Immeuble d&#039;appartements à Blankenberge - Core FM" />
<meta property="og:description" content="Cet immeuble résidentiel compte 83 appartements, pour lesquels un plan directeur de rénovation a été élaboré. Le contrat-cadre VEKA a été désigné pour mettre en place ce schéma directeur de rénovation." />
<meta property="og:url" content="https://corefm.be/fr/projecten-list/immeuble-dappartements-a-blankenberge/" />
<meta property="og:site_name" content="Core FM" />
<meta name="twitter:card" content="summary_large_image" />
<script type="application/ld+json" class="yoast-schema-graph">{"@context":"https:\/\/schema.org","@graph":[{"@type":"WebPage","@id":"https:\/\/corefm.be\/fr\/projecten-list\/immeuble-dappartements-a-blankenberge\/","url":"https:\/\/corefm.be\/fr\/projecten-list\/immeuble-dappartements-a-blankenberge\/","name":"Immeuble d'appartements à Blankenberge - Core FM","isPartOf":{"@id":"https:\/\/corefm.be\/fr\/#website"},"datePublished":"2023-09-06T13:40:27+00:00","description":"Cet immeuble résidentiel compte 83 appartements, pour lesquels un plan directeur de rénovation a été élaboré. Le contrat-cadre VEKA a été désigné pour mettre en place ce schéma directeur de rénovation.","breadcrumb":{"@id":"https:\/\/corefm.be\/fr\/projecten-list\/immeuble-dappartements-a-blankenberge\/#breadcrumb"},"inLanguage":"fr-FR","potentialAction":[{"@type":"ReadAction","target":["https:\/\/corefm.be\/fr\/projecten-list\/immeuble-dappartements-a-blankenberge\/"]}]},{"@type":"BreadcrumbList","@id":"https:\/\/corefm.be\/fr\/projecten-list\/immeuble-dappartements-a-blankenberge\/#breadcrumb","itemListElement":[{"@type":"ListItem","position":1,"name":"Home","item":"https:\/\/corefm.be\/fr\/domicile\/"},{"@type":"ListItem","position":2,"name":"Immeuble d&#8217;appartements à Blankenberge"}]},{"@type":"WebSite","@id":"https:\/\/corefm.be\/fr\/#website","url":"https:\/\/corefm.be\/fr\/","name":"Core FM","description":"Maak je gebouw energetisch future-proof\/ klaar voor de toekomst met Core FM","publisher":{"@id":"https:\/\/corefm.be\/fr\/#organization"},"potentialAction":[{"@type":"SearchAction","target":{"@type":"EntryPoint","urlTemplate":"https:\/\/corefm.be\/fr\/?s={search_term_string}"},"query-input":{"@type":"PropertyValueSpecification","valueRequired":true,"valueName":"search_term_string"}}],"inLanguage":"fr-FR"},{"@type":"Organization","@id":"https:\/\/corefm.be\/fr\/#organization","name":"Core FM","url":"https:\/\/corefm.be\/fr\/","logo":{"@type":"ImageObject","inLanguage":"fr-FR","@id":"https:\/\/corefm.be\/fr\/#\/schema\/logo\/image\/","url":"https:\/\/corefm.be\/wp-content\/uploads\/2023\/08\/logo-corefm.png","contentUrl":"https:\/\/corefm.be\/wp-content\/uploads\/2023\/08\/logo-corefm.png","width":1026,"height":278,"caption":"Core FM"},"image":{"@id":"https:\/\/corefm.be\/fr\/#\/schema\/logo\/image\/"}}]}</script>
<!-- / Yoast SEO plugin. -->

Immeuble d'appartements à Blankenberge - Core FM

Cet immeuble résidentiel compte 83 appartements, pour lesquels un plan directeur de rénovation a été élaboré. Le contrat-cadre VEKA a été désigné pour mettre en place ce schéma directeur de rénovation.

Immeuble d&#8217;appartements à Blankenberge
